2) is divided by 10?
8
Let q = 209 - 205. What is the remainder when ((-9)/(-15))/((-5)/(-600)*q) is divided by 12?
6
Let v(x) = -413*x + 7591. What is the remainder when v(18) is divided by 35?
17
Let l be 2 + 1 + (4 - 12) + 5. Suppose 3*f - 6*f - 3*n + 144 = l, -5*n = f - 36. Suppose -8*h + 45 = -f. What is the remainder when 18 is divided by h?
6
Suppose -f = 5*f - 18. Suppose 0 = -6*l - f*l + 63. Calculate the remainder when 38 is divided by (4 - l - -4) + 40/2.
17
Suppose 5*x = 425 - 45. Let g = 210 + -209. What is the remainder when x is divided by (g - 1) + -2 + 154/7?
16
Let z(l) = -155*l - 8205. Calculate the remainder when 6029 is divided by z(-53).
9
Let x = -24 + 28. Suppose -47 = -4*m - l, -x*l + l + 24 = 3*m. Calculate the remainder when (-964)/(-16) - 2/(16/(-6)) is divided by m.
9
Let o be 5/1*124/10. Let z(s) = s**3 + 42*s**2 + 39*s - 79. Let h be z(-41). Suppose -h*c + o = -25. Calculate the remainder when 54 is divided by c.
25
Suppose -19*t + 2552 = 25*t. Suppose -t*r + z = -60*r + 77, r - 4*z - 25 = 0. Calculate the remainder when r is divided by 22.
15
Suppose 11576 = -334*y + 9865 + 28765. What is the remainder when 10203 is divided by y?
78
Let l be 1/(57/(-29) + 2). Let i = l - -14. Calculate the remainder when i is divided by (6/42 + 3)/(2/7).
10
Suppose 2*z - 5*o = -2*z + 62, 2*o + 68 = 4*z. Suppose z*a = 8*a + 1350. What is the remainder when a is divided by 23?
20
Let s(z) = -8*z + 52. Let a(k) = 33*k - 208. Let p(l) = -6*a(l) - 26*s(l). What is the remainder when 165 is divided by p(16)?
53
Let s(v) be the first derivative of -v**3/3 - 9*v**2 + 4*v - 8. Calculate the remainder when s(-14) is divided by (4 + -6)*(-42)/4.
18
Let n be (4 - 81)*-1 - (1 + 0). Let u = -68 + n. What is the remainder when 124 is divided by u?
4
Suppose 3*w + u - 347 = 0, -135*w + 4*u - 208 = -137*w. Calculate the remainder when 670 is divided by w.
80
Suppose 113*l = 117*l - 260. Suppose y = 5*x - 123 - 31, 4*y + 16 = 0. What is the remainder when l is divided by x?
5
Let p(c) = c**3 - 5*c**2 + 42*c - 356. Calculate the remainder when 436 is divided by p(7).
4
Let a(b) = -b**3 - 4*b**2 - 4*b - 1. Let q = -2872 + 2874. Calculate the remainder when q is divided by a(-3).
0
Let x = -4580 + 4704. Calculate the remainder when x is divided by (-86)/(4/(-2)) - -1.
36
Let j = -15974 + 22526. Calculate the remainder when j is divided by 115.
112
Let r(f) = -5*f + 66. Let s be r(14). Let c(i) = -15*i**3 - 7*i**2 - 8*i - 1. What is the remainder when c(s) is divided by 98?
95
Let y = -160 + -26. Let b = y + 231. What is the remainder when 224 is divided by b?
44
Suppose 12*v - 5*j - 55 = 11*v, 3*v - 129 = -3*j. What is the remainder when 2202 is divided by v?
42
Suppose 2*a - 44*a + 288 + 2526 = 0. What is the remainder when 5825 is divided by a?
63
Calculate the remainder when 2771 is divided by (76/399 + (-2)/(-3))*14.
11
Suppose 4*l = 5*c - c + 364, 2*l + 2*c - 170 = 0. What is the remainder when l is divided by (249/(-27) - -7)/(44/(-198))?
8
Let b be 0 + (-567)/(-15) - (-2)/10. Suppose -5*q + 20 = t - 49, -4*t = 3*q - b. Calculate the remainder when 151 is divided by q.
11
Let i(t) = -14*t**2 - 37*t + 6. Calculate the remainder when 4459 is divided by i(-2).
19
Let u be 4/38 + (-6988)/(-38). Calculate the remainder when (-9)/(9/5) + u is divided by 13.
10
Let k(a) = -a**2 + 62*a - 662. What is the remainder when 562 is divided by k(15)?
3
Suppose 0 = 4*n + 2*z + 10, 0 = -3*n - 0*z + z + 5. Suppose -s = w - 45 + 16, 5*s - 20 = n. Let y = -18 - -66. What is the remainder when y is divided by w?
23
Let h = 19 - 6. Let v = h - -89. Suppose 7*x - 4*x + 33 = l, 2*x + 134 = 6*l. What is the remainder when v is divided by l?
18
Suppose 9*q + 22 = 4 + 153. Calculate the remainder when 2399 is divided by q.
14
Let m(v) = v**2 + 4*v - 4*v + 10 + 5*v + 4*v. Let a be m(-9). Suppose 34 = 2*f + a. Calculate the remainder when 20 is divided by f.
8
Let w = -25451 + 25645. Calculate the remainder when 791 is divided by w.
15
Suppose -i + 3*d = -38, 2*i - 103 + 27 = -2*d. Calculate the remainder when i is divided by (-1 - 1)*1001/(-154).
12
Let b = -490 + 507. What is the remainder when b is divided by (6/4 + (-2)/4)*6?
5
Let s = 2529 + -2475. Calculate the remainder when 2104 is divided by s.
52
Calculate the remainder when 1617 is divided by 145/15 + 2 - (-8 - 92/(-12)).
9
Let g(s) = -30*s**2 - 2313*s - 12. What is the remainder when 2227 is divided by g(-77)?
37
Let o = -28 + 40. What is the remainder when (-102 - -87)/(2 - -3)*155/(-3) is divided by o?
11
What is the remainder when 55*8/(-3)*(-63)/105 is divided by 51?
37
What is the remainder when (-30)/45*(9 + 17217/(-6)) is divided by 934?
39
Let b(y) = 4*y**2 - 30*y + 115. Let t(c) = 0 + 4*c + 1 + 15*c. Calculate the remainder when b(4) is divided by t(1).
19
Suppose 7*g + 20*g = 7560. Let f = g - 221. What is the remainder when f is divided by (-105)/14*(-4)/3?
9
Let b be (-2466)/126 + 8/14. Let n be (0 - 0)*b/57. Suppose 4*l - 3*w + 9 - 49 = n, -48 = -4*l + 5*w. What is the remainder when 19 is divided by l?
5
Let s(r) = -777*r**3 + 15*r**2 + 5*r - 3. Calculate the remainder when s(-1) is divided by 72.
64
Let z(a) = a**3 - 5*a**2 + 5*a. Suppose 0 = 2*m + 4*m - 90. Suppose 11*w - m = 139. What is the remainder when z(5) is divided by w?
11
Suppose 30*s + 5896 = 97*s. Suppose -4*c + 0*c = -248. Calculate the remainder when s is divided by c.
26
Suppose 4915 = 4*d - 72*j + 75*j, 2451 = 2*d - 5*j. What is the remainder when d is divided by 100?
28
Let f = 521 + -139. Suppose f - 1582 = -16*z. What is the remainder when z is divided by 27?
21
Let x = -3268 + 3413. Let n be 18/(-6) + (-15)/(-1). Calculate the remainder when x is divided by 148/n*(6 + -3).
34
Let p(z) = 4*z - 30. Let y(h) = h**2 + 5*h + 2. Let r be y(-6). Let i be p(r). Let a(c) = 7*c**2 - 2*c + 5. What is the remainder when 86 is divided by a(i)?
28
Suppose -34*d + 16 = -26*d. Suppose d = -c + 2*c, 5 = 5*r - 5*c. Calculate the remainder when 27 is divided by r.
0
Let b = -156 + 79. Let h = 81 + b. What is the remainder when 24 - (5 + (-20)/h) is divided by 8?
0
Suppose -14*v = 6*v - 23*v. Suppose v = -4*s - 0*s - 12, 0 = -l - 5*s - 4. What is the remainder when 238 is divided by l?
7
Suppose -769 + 692 = -n - 4*s, 4*n - 2*s - 92 = 0. Let b(m) = -39*m**3 + m + 1. What is the remainder when b(-1) is divided by n?
10
Let v(g) = g**3 + 33*g**2 + 26*g - 136. Suppose 7*j - 118 = 4*z + 5*j, 5*j - 7 = z. Calculate the remainder when 388 is divided by v(z).
52
Suppose 4*c - 580 = 2*y, 0 = -43*c + 38*c - 4*y + 751. What is the remainder when c is divided by 85?
62
Suppose -h = -4*l + 128 + 435, 4*l = 5*h + 575. What is the remainder when 541 is divided by (-4)/10*(l/(-4) + -5)?
13
Let g(y) = -7*y + 329. Let c be g(49). Let q(s) = -5*s + 12. Let k(w) = 6*w - 11. Let h(r) = 6*k(r) + 7*q(r). What is the remainder when 10 is divided by h(c)?
2
Let z(n) = 12*n + 4. Let b(t) = -38*t - 11. Let y(i) = -3*b(i) - 10*z(i). What is the remainder when 79 is divided by y(-5)?
10
Suppose 92 = 10*h + 13*h. Suppose -h*q - 74 + 462 = 0. What is the remainder when q is divided by 10?
7
Suppose 3218 = 3*u + f - 186, 2*u - 2*f - 2280 = 0. What is the remainder when u is divided by 26?
18
Suppose 0 = -19*o + 4101 - 3797. What is the remainder when 1964 is divided by o?
12
Let f = -4 - 3. Suppose -117 = -46*w + 13*w + 213. What is the remainder when 16/(-5)*35/f is divided by w?
6
Suppose 88*v - 38564 - 77298 = 30570. Calculate the remainder when v is divided by 86.
30
Let t be (-22)/(-44)*-9*(-5 - -3). Suppose 3*u - 66 - t = 0. Let w = 64 - -10. Calculate the remainder when w is divided by u.
24
Let p(o) = o**3 + 36*o**2 + 275*o + 29. Calculate the remainder when 110 is divided by p(-25).
23
Let f(p) = p**2 - 13*p + 5. Let x be f(14). Suppose 23*k + 264 = x*k. Let h = k + 106. Calculate the remainder when h is divided by 14.
12
Let h(p) = 42*p**2 - 158*p + 321. Calculate the remainder when 3804 is divided by h(2).
171
Let b(r) = 15*r**2 + 35*r - 93. What is the remainder when b(-13) is divided by 117?
115
Let z = -2 - 7. Let q = z - -33. Suppose 0 = -27549*y + 27531*y + 846. What is the remainder when y is divided by q?
23
Let u = 6064 + -5760. Calculate the remainde